{"id":7282,"date":"2020-07-17T14:49:28","date_gmt":"2020-07-17T13:49:28","guid":{"rendered":"https:\/\/www.concertosparabebes.com\/?post_type=product&#038;p=7282"},"modified":"2020-07-27T17:25:16","modified_gmt":"2020-07-27T16:25:16","slug":"season-ticket-2-cd-amigos","status":"publish","type":"product","link":"https:\/\/www.concertosparabebes.com\/en\/shop\/season-ticket-2-cd-amigos\/","title":{"rendered":"Pack: SEASON 2 + CD &#8220;Amigos&#8221;"},"content":{"rendered":"<h2 class=\"paragraph ng-attr-widget\">Concerts for Babies at Home (<strong>Season Ticket 2<\/strong>) + CD\u00a0<em><strong>Amigos<\/strong><\/em><\/h2>\n<div class=\"gs\">\n<div class=\"\">\n<div id=\":m6\" class=\"ii gt adO\">\n<div id=\":m5\" class=\"a3s aXjCH \">\n<div dir=\"ltr\">\n<p><em><strong>Amigos<\/strong><\/em>\u00a0(<em>Friends<\/em>) is the title of the third album of Concerts for Babies that invites some of the most frequent soloists in Concerts for Babies\u2019 programme in the last few years, such as Surma, David Ramy, Daniel Reis, Yumiko Ishizuka, Pedro and Gon\u00e7alo Pereira, Ricardo Parreira and V\u00e2nia Conde, Marco Fernandes and Sim\u00e3o Lameiro.<\/p>\n<p>The recording of this album has counted with the participation of the resident artists of Concerts for Babies: Paulo Lameiro, Alberto Roque, Pedro Santos, Jos\u00e9 Lopes, Paulo Bernardino, Isabel Catarino, Inesa Markava and Cristiana Francisco.<\/p>\n<p>Long desired and required by the parents who saw the previous CDs spin and spin on their readers,\u00a0<em><strong>Amigos<\/strong><\/em>\u00a0surprises by the wealth of languages and the sound journey it provides.<\/p>\n<p>To listen and enjoy, whenever you want!<\/p>\n<p><strong>EXCLUSIVE DISCOUNT FOR SEASON SUBSCRIBERS:<\/strong><br \/>\nEnjoy a 20% discount on the CD by purchasing the PACK: Season 2 + CD &#8220;Amigos&#8221;<br \/>\nHolders of<strong>\u00a0Season Ticket 1<\/strong>\u00a0of Concerts for Babies at Home also enjoy a 20% discount on the pre-order of the CD \u2013\u00a0<strong>only until July 30th.<\/strong><\/p>\n<\/div>\n<\/div>\n<\/div>\n<\/div>\n<\/div>\n<p>&nbsp;<\/p>\n<h2 class=\"paragraph ng-attr-widget\"><strong>Season 2: Concertos for Babies at Home 2020<\/strong><\/h2>\n<p>With a single ticket, you have access to the <strong>4<\/strong><strong>\u00a0concerts<\/strong> of the second season of Concerts for Babies at Home, which you can watch live from your home.<\/p>\n<p><strong>September 20th <\/strong>| \u201cFado\u201d in a Bottle with <strong>Ricardo Parreira and V\u00e2nia Conde<\/strong> (Portuguese guitar and voice)<\/p>\n<p><strong>October 18th <\/strong>| Jazz in a Lullaby with <b>Daniel Bernardes <\/b>(piano)<\/p>\n<p><strong>November 15th <\/strong>| Surm\u00eas or the South Iceland with <strong>Surma<\/strong> (electronics)<\/p>\n<p><strong>December 20th <\/strong>| A Cuban Christmas with <strong>David Ramy<\/strong> (guitar and voice)<\/p>\n<p>&nbsp;<\/p>\n<p>All concerts will be broadcasted on <strong>Sundays at 10:30 am<\/strong> (GMT +1; Lisbon Time) and will last 30 minutes.<br \/>\nConcerts for Babies at Home are especially interesting for <strong>babies and children up to 5 years old<\/strong> joined by the whole family.<\/p>\n<p>The ticket office closes at 9.00am on the day of the concert. <strong>The recording of this concert will become available for everyone who buys its Ticket or the Season Ticket.<\/strong><\/p>\n<p>Read the <a href=\"https:\/\/www.concertosparabebes.com\/en\/a-guide-to-the-whole-family\/\">GUIDE TO THE WHOLE FAMILY<\/a> to know how to better prepare the mood for this moment.<\/p>\n","protected":false},"excerpt":{"rendered":"<p class=\"paragraph ng-attr-widget\">Pack: Season 2 + CD &#8220;Amigos&#8221;<\/p>\n<p>Buy the Season Ticket and get a 20% discount on the pre-order of the CD <em><strong>Amigos<\/p>\n<p><\/strong><\/em>Available until July 30th<\/p>\n","protected":false},"featured_media":5079,"template":"","meta":{"_et_pb_use_builder":"","_et_pb_old_content":"","_et_gb_content_width":""},"product_brand":[],"product_cat":[40],"product_tag":[],"class_list":{"0":"post-7282","1":"product","2":"type-product","3":"status-publish","4":"has-post-thumbnail","6":"product_cat-musica-en","8":"first","9":"instock","10":"sale","11":"sold-individually","12":"taxable","13":"shipping-taxable","14":"purchasable","15":"product-type-simple"},"acf":[],"yoast_head":"<!-- This site is optimized with the Yoast SEO plugin v27.5 - https:\/\/yoast.com\/product\/yoast-seo-wordpress\/ -->\n<title>Pack: SEASON 2 + CD &quot;Amigos&quot; - Concertos para Beb\u00e9s<\/title>\n<meta name=\"robots\" content=\"index, follow, max-snippet:-1, max-image-preview:large, max-video-preview:-1\" \/>\n<link rel=\"canonical\" href=\"https:\/\/www.concertosparabebes.com\/en\/shop\/season-ticket-2-cd-amigos\/\" \/>\n<meta property=\"og:locale\" content=\"en_US\" \/>\n<meta property=\"og:type\" content=\"article\" \/>\n<meta property=\"og:title\" content=\"Pack: SEASON 2 + CD &quot;Amigos&quot; - Concertos para Beb\u00e9s\" \/>\n<meta property=\"og:description\" content=\"Pack: Season 2 + CD &quot;Amigos&quot; Buy the Season Ticket and get a 20% discount on the pre-order of the CD Amigos   Available until July 30th\" \/>\n<meta property=\"og:url\" content=\"https:\/\/www.concertosparabebes.com\/en\/shop\/season-ticket-2-cd-amigos\/\" \/>\n<meta property=\"og:site_name\" content=\"Concertos para Beb\u00e9s\" \/>\n<meta property=\"article:publisher\" content=\"https:\/\/www.facebook.com\/concertosparabebes\/\" \/>\n<meta property=\"article:modified_time\" content=\"2020-07-27T16:25:16+00:00\" \/>\n<meta property=\"og:image\" content=\"https:\/\/www.concertosparabebes.com\/wp-content\/uploads\/2020\/04\/season-ticket-concert-babies-1.png\" \/>\n\t<meta property=\"og:image:width\" content=\"484\" \/>\n\t<meta property=\"og:image:height\" content=\"323\" \/>\n\t<meta property=\"og:image:type\" content=\"image\/png\" \/>\n<meta name=\"twitter:card\" content=\"summary_large_image\" \/>\n<meta name=\"twitter:site\" content=\"@concertosbebes\" \/>\n<meta name=\"twitter:label1\" content=\"Est. reading time\" \/>\n\t<meta name=\"twitter:data1\" content=\"2 minutes\" \/>\n<script type=\"application\/ld+json\" class=\"yoast-schema-graph\">{\"@context\":\"https:\\\/\\\/schema.org\",\"@graph\":[{\"@type\":\"WebPage\",\"@id\":\"https:\\\/\\\/www.concertosparabebes.com\\\/en\\\/shop\\\/season-ticket-2-cd-amigos\\\/\",\"url\":\"https:\\\/\\\/www.concertosparabebes.com\\\/en\\\/shop\\\/season-ticket-2-cd-amigos\\\/\",\"name\":\"Pack: SEASON 2 + CD \\\"Amigos\\\" - Concertos para Beb\u00e9s\",\"isPartOf\":{\"@id\":\"https:\\\/\\\/www.concertosparabebes.com\\\/#website\"},\"primaryImageOfPage\":{\"@id\":\"https:\\\/\\\/www.concertosparabebes.com\\\/en\\\/shop\\\/season-ticket-2-cd-amigos\\\/#primaryimage\"},\"image\":{\"@id\":\"https:\\\/\\\/www.concertosparabebes.com\\\/en\\\/shop\\\/season-ticket-2-cd-amigos\\\/#primaryimage\"},\"thumbnailUrl\":\"https:\\\/\\\/www.concertosparabebes.com\\\/wp-content\\\/uploads\\\/2020\\\/04\\\/season-ticket-concert-babies-1.png\",\"datePublished\":\"2020-07-17T13:49:28+00:00\",\"dateModified\":\"2020-07-27T16:25:16+00:00\",\"breadcrumb\":{\"@id\":\"https:\\\/\\\/www.concertosparabebes.com\\\/en\\\/shop\\\/season-ticket-2-cd-amigos\\\/#breadcrumb\"},\"inLanguage\":\"en-US\",\"potentialAction\":[{\"@type\":\"ReadAction\",\"target\":[\"https:\\\/\\\/www.concertosparabebes.com\\\/en\\\/shop\\\/season-ticket-2-cd-amigos\\\/\"]}]},{\"@type\":\"ImageObject\",\"inLanguage\":\"en-US\",\"@id\":\"https:\\\/\\\/www.concertosparabebes.com\\\/en\\\/shop\\\/season-ticket-2-cd-amigos\\\/#primaryimage\",\"url\":\"https:\\\/\\\/www.concertosparabebes.com\\\/wp-content\\\/uploads\\\/2020\\\/04\\\/season-ticket-concert-babies-1.png\",\"contentUrl\":\"https:\\\/\\\/www.concertosparabebes.com\\\/wp-content\\\/uploads\\\/2020\\\/04\\\/season-ticket-concert-babies-1.png\",\"width\":484,\"height\":323},{\"@type\":\"BreadcrumbList\",\"@id\":\"https:\\\/\\\/www.concertosparabebes.com\\\/en\\\/shop\\\/season-ticket-2-cd-amigos\\\/#breadcrumb\",\"itemListElement\":[{\"@type\":\"ListItem\",\"position\":1,\"name\":\"In\u00edcio\",\"item\":\"https:\\\/\\\/www.concertosparabebes.com\\\/en\\\/\"},{\"@type\":\"ListItem\",\"position\":2,\"name\":\"Shop\",\"item\":\"https:\\\/\\\/www.concertosparabebes.com\\\/en\\\/shop\\\/\"},{\"@type\":\"ListItem\",\"position\":3,\"name\":\"Pack: SEASON 2 + CD &#8220;Amigos&#8221;\"}]},{\"@type\":\"WebSite\",\"@id\":\"https:\\\/\\\/www.concertosparabebes.com\\\/#website\",\"url\":\"https:\\\/\\\/www.concertosparabebes.com\\\/\",\"name\":\"Concertos para Beb\u00e9s\",\"description\":\"os beb\u00e9s s\u00e3o convidados a ouvir\",\"potentialAction\":[{\"@type\":\"SearchAction\",\"target\":{\"@type\":\"EntryPoint\",\"urlTemplate\":\"https:\\\/\\\/www.concertosparabebes.com\\\/?s={search_term_string}\"},\"query-input\":{\"@type\":\"PropertyValueSpecification\",\"valueRequired\":true,\"valueName\":\"search_term_string\"}}],\"inLanguage\":\"en-US\"}]}<\/script>\n<!-- \/ Yoast SEO plugin. -->","yoast_head_json":{"title":"Pack: SEASON 2 + CD \"Amigos\" - Concertos para Beb\u00e9s","robots":{"index":"index","follow":"follow","max-snippet":"max-snippet:-1","max-image-preview":"max-image-preview:large","max-video-preview":"max-video-preview:-1"},"canonical":"https:\/\/www.concertosparabebes.com\/en\/shop\/season-ticket-2-cd-amigos\/","og_locale":"en_US","og_type":"article","og_title":"Pack: SEASON 2 + CD \"Amigos\" - Concertos para Beb\u00e9s","og_description":"Pack: Season 2 + CD \"Amigos\" Buy the Season Ticket and get a 20% discount on the pre-order of the CD Amigos   Available until July 30th","og_url":"https:\/\/www.concertosparabebes.com\/en\/shop\/season-ticket-2-cd-amigos\/","og_site_name":"Concertos para Beb\u00e9s","article_publisher":"https:\/\/www.facebook.com\/concertosparabebes\/","article_modified_time":"2020-07-27T16:25:16+00:00","og_image":[{"width":484,"height":323,"url":"https:\/\/www.concertosparabebes.com\/wp-content\/uploads\/2020\/04\/season-ticket-concert-babies-1.png","type":"image\/png"}],"twitter_card":"summary_large_image","twitter_site":"@concertosbebes","twitter_misc":{"Est. reading time":"2 minutes"},"schema":{"@context":"https:\/\/schema.org","@graph":[{"@type":"WebPage","@id":"https:\/\/www.concertosparabebes.com\/en\/shop\/season-ticket-2-cd-amigos\/","url":"https:\/\/www.concertosparabebes.com\/en\/shop\/season-ticket-2-cd-amigos\/","name":"Pack: SEASON 2 + CD \"Amigos\" - Concertos para Beb\u00e9s","isPartOf":{"@id":"https:\/\/www.concertosparabebes.com\/#website"},"primaryImageOfPage":{"@id":"https:\/\/www.concertosparabebes.com\/en\/shop\/season-ticket-2-cd-amigos\/#primaryimage"},"image":{"@id":"https:\/\/www.concertosparabebes.com\/en\/shop\/season-ticket-2-cd-amigos\/#primaryimage"},"thumbnailUrl":"https:\/\/www.concertosparabebes.com\/wp-content\/uploads\/2020\/04\/season-ticket-concert-babies-1.png","datePublished":"2020-07-17T13:49:28+00:00","dateModified":"2020-07-27T16:25:16+00:00","breadcrumb":{"@id":"https:\/\/www.concertosparabebes.com\/en\/shop\/season-ticket-2-cd-amigos\/#breadcrumb"},"inLanguage":"en-US","potentialAction":[{"@type":"ReadAction","target":["https:\/\/www.concertosparabebes.com\/en\/shop\/season-ticket-2-cd-amigos\/"]}]},{"@type":"ImageObject","inLanguage":"en-US","@id":"https:\/\/www.concertosparabebes.com\/en\/shop\/season-ticket-2-cd-amigos\/#primaryimage","url":"https:\/\/www.concertosparabebes.com\/wp-content\/uploads\/2020\/04\/season-ticket-concert-babies-1.png","contentUrl":"https:\/\/www.concertosparabebes.com\/wp-content\/uploads\/2020\/04\/season-ticket-concert-babies-1.png","width":484,"height":323},{"@type":"BreadcrumbList","@id":"https:\/\/www.concertosparabebes.com\/en\/shop\/season-ticket-2-cd-amigos\/#breadcrumb","itemListElement":[{"@type":"ListItem","position":1,"name":"In\u00edcio","item":"https:\/\/www.concertosparabebes.com\/en\/"},{"@type":"ListItem","position":2,"name":"Shop","item":"https:\/\/www.concertosparabebes.com\/en\/shop\/"},{"@type":"ListItem","position":3,"name":"Pack: SEASON 2 + CD &#8220;Amigos&#8221;"}]},{"@type":"WebSite","@id":"https:\/\/www.concertosparabebes.com\/#website","url":"https:\/\/www.concertosparabebes.com\/","name":"Concertos para Beb\u00e9s","description":"os beb\u00e9s s\u00e3o convidados a ouvir","potentialAction":[{"@type":"SearchAction","target":{"@type":"EntryPoint","urlTemplate":"https:\/\/www.concertosparabebes.com\/?s={search_term_string}"},"query-input":{"@type":"PropertyValueSpecification","valueRequired":true,"valueName":"search_term_string"}}],"inLanguage":"en-US"}]}},"_links":{"self":[{"href":"https:\/\/www.concertosparabebes.com\/en\/wp-json\/wp\/v2\/product\/7282","targetHints":{"allow":["GET"]}}],"collection":[{"href":"https:\/\/www.concertosparabebes.com\/en\/wp-json\/wp\/v2\/product"}],"about":[{"href":"https:\/\/www.concertosparabebes.com\/en\/wp-json\/wp\/v2\/types\/product"}],"wp:featuredmedia":[{"embeddable":true,"href":"https:\/\/www.concertosparabebes.com\/en\/wp-json\/wp\/v2\/media\/5079"}],"wp:attachment":[{"href":"https:\/\/www.concertosparabebes.com\/en\/wp-json\/wp\/v2\/media?parent=7282"}],"wp:term":[{"taxonomy":"product_brand","embeddable":true,"href":"https:\/\/www.concertosparabebes.com\/en\/wp-json\/wp\/v2\/product_brand?post=7282"},{"taxonomy":"product_cat","embeddable":true,"href":"https:\/\/www.concertosparabebes.com\/en\/wp-json\/wp\/v2\/product_cat?post=7282"},{"taxonomy":"product_tag","embeddable":true,"href":"https:\/\/www.concertosparabebes.com\/en\/wp-json\/wp\/v2\/product_tag?post=7282"}],"curies":[{"name":"wp","href":"https:\/\/api.w.org\/{rel}","templated":true}]}}

<h2 class="paragraph ng-attr-widget">Concerts for Babies at Home (<strong>Season Ticket 2</strong>) + CD <em><strong>Amigos</strong></em></h2>
<div class="gs">
<div class="">
<div id=":m6" class="ii gt adO">
<div id=":m5" class="a3s aXjCH ">
<div dir="ltr">
<p><em><strong>Amigos</strong></em> (<em>Friends</em>) is the title of the third album of Concerts for Babies that invites some of the most frequent soloists in Concerts for Babies’ programme in the last few years, such as Surma, David Ramy, Daniel Reis, Yumiko Ishizuka, Pedro and Gonçalo Pereira, Ricardo Parreira and Vânia Conde, Marco Fernandes and Simão Lameiro.</p>
<p>The recording of this album has counted with the participation of the resident artists of Concerts for Babies: Paulo Lameiro, Alberto Roque, Pedro Santos, José Lopes, Paulo Bernardino, Isabel Catarino, Inesa Markava and Cristiana Francisco.</p>
<p>Long desired and required by the parents who saw the previous CDs spin and spin on their readers, <em><strong>Amigos</strong></em> surprises by the wealth of languages and the sound journey it provides.</p>
<p>To listen and enjoy, whenever you want!</p>
<p><strong>EXCLUSIVE DISCOUNT FOR SEASON SUBSCRIBERS:</strong><br />
Enjoy a 20% discount on the CD by purchasing the PACK: Season 2 + CD &#8220;Amigos&#8221;<br />
Holders of<strong> Season Ticket 1</strong> of Concerts for Babies at Home also enjoy a 20% discount on the pre-order of the CD – <strong>only until July 30th.</strong></p>
</div>
</div>
</div>
</div>
</div>
<p>&nbsp;</p>
<h2 class="paragraph ng-attr-widget"><strong>Season 2: Concertos for Babies at Home 2020</strong></h2>
<p>With a single ticket, you have access to the <strong>4</strong><strong> concerts</strong> of the second season of Concerts for Babies at Home, which you can watch live from your home.</p>
<p><strong>September 20th </strong>| “Fado” in a Bottle with <strong>Ricardo Parreira and Vânia Conde</strong> (Portuguese guitar and voice)</p>
<p><strong>October 18th </strong>| Jazz in a Lullaby with <b>Daniel Bernardes </b>(piano)</p>
<p><strong>November 15th </strong>| Surmês or the South Iceland with <strong>Surma</strong> (electronics)</p>
<p><strong>December 20th </strong>| A Cuban Christmas with <strong>David Ramy</strong> (guitar and voice)</p>
<p>&nbsp;</p>
<p>All concerts will be broadcasted on <strong>Sundays at 10:30 am</strong> (GMT +1; Lisbon Time) and will last 30 minutes.<br />
Concerts for Babies at Home are especially interesting for <strong>babies and children up to 5 years old</strong> joined by the whole family.</p>
<p>The ticket office closes at 9.00am on the day of the concert. <strong>The recording of this concert will become available for everyone who buys its Ticket or the Season Ticket.</strong></p>
<p>Read the <a href="https://www.concertosparabebes.com/en/a-guide-to-the-whole-family/">GUIDE TO THE WHOLE FAMILY</a> to know how to better prepare the mood for this moment.</p>

<!-- This site is optimized with the Yoast SEO plugin v27.5 - https://yoast.com/product/yoast-seo-wordpress/ -->
<title>Pack: SEASON 2 + CD &quot;Amigos&quot; - Concertos para Bebés</title>
<meta name="robots" content="index, follow, max-snippet:-1, max-image-preview:large, max-video-preview:-1" />
<link rel="canonical" href="https://www.concertosparabebes.com/en/shop/season-ticket-2-cd-amigos/" />
<meta property="og:locale" content="en_US" />
<meta property="og:type" content="article" />
<meta property="og:title" content="Pack: SEASON 2 + CD &quot;Amigos&quot; - Concertos para Bebés" />
<meta property="og:description" content="Pack: Season 2 + CD &quot;Amigos&quot; Buy the Season Ticket and get a 20% discount on the pre-order of the CD Amigos   Available until July 30th" />
<meta property="og:url" content="https://www.concertosparabebes.com/en/shop/season-ticket-2-cd-amigos/" />
<meta property="og:site_name" content="Concertos para Bebés" />
<meta property="article:publisher" content="https://www.facebook.com/concertosparabebes/" />
<meta property="article:modified_time" content="2020-07-27T16:25:16+00:00" />
<meta property="og:image" content="https://www.concertosparabebes.com/wp-content/uploads/2020/04/season-ticket-concert-babies-1.png" />
	<meta property="og:image:width" content="484" />
	<meta property="og:image:height" content="323" />
	<meta property="og:image:type" content="image/png" />
<meta name="twitter:card" content="summary_large_image" />
<meta name="twitter:site" content="@concertosbebes" />
<meta name="twitter:label1" content="Est. reading time" />
	<meta name="twitter:data1" content="2 minutes" />
<script type="application/ld+json" class="yoast-schema-graph">{"@context":"https:\/\/schema.org","@graph":[{"@type":"WebPage","@id":"https:\/\/www.concertosparabebes.com\/en\/shop\/season-ticket-2-cd-amigos\/","url":"https:\/\/www.concertosparabebes.com\/en\/shop\/season-ticket-2-cd-amigos\/","name":"Pack: SEASON 2 + CD \"Amigos\" - Concertos para Bebés","isPartOf":{"@id":"https:\/\/www.concertosparabebes.com\/#website"},"primaryImageOfPage":{"@id":"https:\/\/www.concertosparabebes.com\/en\/shop\/season-ticket-2-cd-amigos\/#primaryimage"},"image":{"@id":"https:\/\/www.concertosparabebes.com\/en\/shop\/season-ticket-2-cd-amigos\/#primaryimage"},"thumbnailUrl":"https:\/\/www.concertosparabebes.com\/wp-content\/uploads\/2020\/04\/season-ticket-concert-babies-1.png","datePublished":"2020-07-17T13:49:28+00:00","dateModified":"2020-07-27T16:25:16+00:00","breadcrumb":{"@id":"https:\/\/www.concertosparabebes.com\/en\/shop\/season-ticket-2-cd-amigos\/#breadcrumb"},"inLanguage":"en-US","potentialAction":[{"@type":"ReadAction","target":["https:\/\/www.concertosparabebes.com\/en\/shop\/season-ticket-2-cd-amigos\/"]}]},{"@type":"ImageObject","inLanguage":"en-US","@id":"https:\/\/www.concertosparabebes.com\/en\/shop\/season-ticket-2-cd-amigos\/#primaryimage","url":"https:\/\/www.concertosparabebes.com\/wp-content\/uploads\/2020\/04\/season-ticket-concert-babies-1.png","contentUrl":"https:\/\/www.concertosparabebes.com\/wp-content\/uploads\/2020\/04\/season-ticket-concert-babies-1.png","width":484,"height":323},{"@type":"BreadcrumbList","@id":"https:\/\/www.concertosparabebes.com\/en\/shop\/season-ticket-2-cd-amigos\/#breadcrumb","itemListElement":[{"@type":"ListItem","position":1,"name":"Início","item":"https:\/\/www.concertosparabebes.com\/en\/"},{"@type":"ListItem","position":2,"name":"Shop","item":"https:\/\/www.concertosparabebes.com\/en\/shop\/"},{"@type":"ListItem","position":3,"name":"Pack: SEASON 2 + CD &#8220;Amigos&#8221;"}]},{"@type":"WebSite","@id":"https:\/\/www.concertosparabebes.com\/#website","url":"https:\/\/www.concertosparabebes.com\/","name":"Concertos para Bebés","description":"os bebés são convidados a ouvir","potentialAction":[{"@type":"SearchAction","target":{"@type":"EntryPoint","urlTemplate":"https:\/\/www.concertosparabebes.com\/?s={search_term_string}"},"query-input":{"@type":"PropertyValueSpecification","valueRequired":true,"valueName":"search_term_string"}}],"inLanguage":"en-US"}]}</script>
<!-- / Yoast SEO plugin. -->

Pack: SEASON 2 + CD "Amigos" - Concertos para Bebés

Concertos para Bebés

Início

os bebés são convidados a ouvir
